. Is w(n) prime?
False
Let i(b) = 28*b**2 + 34*b + 23. Is i(-8) a prime number?
True
Suppose -r - 44 = -5*m, -28 = -m + 6*r - r. Suppose 11*f = 12*f - m. Let j = 15 + f. Is j a composite number?
False
Let y be 41/(-2) + (-4)/8. Let l = 26 + y. Suppose l*w = -3*r + 421, 4*r + 144 = 4*w - 180. Is w a prime number?
True
Suppose 8*h - 12 = 7*h. Is h + 10/(-2) + 4 a composite number?
False
Suppose -10112 = -3*d + w + 1283, 0 = 4*d + 3*w - 15176. Is d a prime number?
True
Suppose -5*z + 12 = 2*u - 6, 4*u = 16. Suppose 3*a = v + z*a - 441, 1313 = 3*v + 2*a. Is v composite?
False
Let b(r) = 4*r - 5. Let g be b(10). Suppose -191 - g = 2*i. Let z = -36 - i. Is z prime?
False
Suppose 0*j = -2*j + 5366. Suppose -6*w + 431 = -j. Is w a composite number?
True
Is (-5165 - 2)*(-1 - 0)*1 a prime number?
True
Let h = 15433 + -7668. Is h prime?
False
Suppose -f + 17 = -320. Suppose 2*r - 2*j - f - 265 = 0, -4*r - j = -1224. Let x = r + -210. Is x a composite number?
True
Is ((-14736)/(-9) - 2)*(-72)/(-48) composite?
True
Let p(l) = -89*l**3 - 9. Is p(-2) a prime number?
False
Let d(a) = -2706*a - 571. Is d(-15) a prime number?
False
Let r = 129129 - 88936. Is r a composite number?
False
Let u = 35 - 60. Let h = 44 + u. Is h a composite number?
False
Let d = -21 + 51. Suppose 0 = 3*m - d - 117. Suppose m + 104 = 3*s. Is s a composite number?
True
Suppose 0*a - 4387 = -3*a - 4*c, 2*a - c - 2921 = 0. Is a a composite number?
True
Let q(w) = w**3 + 22*w**2 + 21*w. Let x be q(-21). Suppose x = 5*i - 4*o - 3719, 3*i + o - 2224 = -4*o. Is i a prime number?
True
Let v = 10 + 31. Suppose q = -5*f + 41, q + f - 6*f = v. Let a = q + 14. Is a composite?
True
Let f(z) = 2*z**2 - 16*z + 6. Let s be f(-5). Suppose 95 = 3*v - s. Is v prime?
False
Suppose -49*f = -10*f - 1317849. Is f a composite number?
False
Let p(o) be the second derivative of 4*o**4/3 - 2*o**3/3 - 25*o**2/2 - 20*o. Is p(6) a prime number?
False
Let g(w) = -28*w**2 - 4*w + 11. Let q(o) = -28*o**2 - 4*o + 12. Let r(f) = -5*g(f) + 4*q(f). Is r(2) a composite number?
False
Suppose 2*m = -2*n - 22, -2*m + 2*n = -6 + 28. Let p = -9 - m. Suppose 0*v + p*v + 37 = 3*a, -2*a + 26 = -2*v. Is a composite?
False
Suppose -6 = 2*t - 32. Let l = t + -10. Suppose -3*v = -3*j + 144, -l*v + 104 = 3*j + 2*v. Is j a prime number?
True
Let v(a) = -a**3 + 4*a**2 - 2. Let s be v(3). Suppose -5*f + s*f = 1438. Is f a prime number?
True
Suppose -7*n + 3*n + 1688 = 0. Suppose 5*u = 3*u + n. Is u prime?
True
Suppose -4266 = -5*i + 55789. Is i a prime number?
True
Let q(c) = 2*c**2 + 1. Let d be q(-1). Let r = -7 - d. Is 3746/4 - 5/r prime?
True
Let i(v) = v**2 - 7*v + 2. Let s be i(7). Suppose 2*m = 2*q + q - 4744, -3*q = s*m - 4748. Suppose -h + q = h. Is h composite?
True
Suppose -5 - 1 = 3*x. Suppose -f = -5*f + 72. Is (x/3)/(f/(-1053)) prime?
False
Let k be (-8)/8*(-16928 - -1). Suppose -4*b = -g - 2896 - k, -3 = g. Is b prime?
False
Is 7/(28/(-24)) - (-1257 - -2) a prime number?
True
Let r(d) = -d**3 + 8*d**2 + 2*d + 1. Let j(t) = 1. Let b(f) = j(f) + r(f). Let c be b(8). Is ((-12)/c)/(4/(-42)) prime?
True
Let c(v) = 20*v**2 - 9*v + 24. Suppose 5*u = 6*u - 5. Is c(u) a composite number?
False
Suppose -1 - 6 = p. Let r be 3/p + (-45484)/(-28). Is r/3 + (-1)/3 a prime number?
True
Let z = 19586 - 253. Is z a prime number?
True
Let a = 311 + -16. Is a a composite number?
True
Let l(p) = 1 - 5 - 6 + 2 - 3*p. Let s be l(-4). Suppose s = -z + 30. Is z composite?
True
Let c = 21230 - 10647. Is c composite?
True
Suppose -5*p - s = -5, -4*s + 20 = -2*p - p. Let a(v) = -v**3 - v**2 + v - 776. Let g be a(p). Let u = -295 - g. Is u a composite number?
True
Suppose 0 = 4*v + 2*y - 14656, 0 = -5*v + 2*y + 15011 + 3327. Suppose o = -b - 0*b + 1833, -3*o + v = 2*b. Is (-6)/21 + b/21 a composite number?
True
Suppose -79*k = -86*k + 405601. Is k a prime number?
True
Suppose 4*k - 7*k - 5*c + 447 = 0, 0 = c. Is k composite?
False
Suppose -t = 5*g - 52, 0 = -t + g + 4*g + 22. Let y = -32 + t. Suppose 5*s + i - 3340 = 0, 2*s + y*i - 2*i = 1349. Is s a composite number?
True
Let c(y) = -52*y - 2. Let x(v) = -v + 10. Let z be x(8). Let s be c(z). Let t = -71 - s. Is t a composite number?
True
Let g(u) = 21*u**2 + 9*u - 49. Is g(-11) a prime number?
True
Suppose 5*s - 1893 = -3*m, 0 = -10*m + 11*m - s - 631. Is m a prime number?
True
Let p(s) = 8*s**2 - 31*s - 340. Is p(-13) composite?
True
Let c = 99 - 97. Is (2 + 0 + 8)*163/c a composite number?
True
Suppose -6 = -2*h + 14. Suppose -2*p = 3*p - h. Suppose -p*j + 277 = -j. Is j a prime number?
True
Let t = -16443 - -38986. Is t a composite number?
False
Let r(t) = -5647*t**2 + 3*t - 4. Let c(h) = 2823*h**2 - 2*h + 2. Let g(j) = 5*c(j) + 2*r(j). Is g(1) prime?
True
Suppose -3*x = -6*x + 90. Is 100/x*15/2 a prime number?
False
Suppose -2*n = -3*n + 2*a + 2, 2*n + 5*a = 4. Let v be (326/8)/(n/16). Suppose b + b = v. Is b a composite number?
False
Suppose 2*a - 34523 = 3*n, 2*n + 17259 = -2*a + 3*a. Is a prime?
False
Let r(g) = 95*g**3 + 10*g**2 + 22*g - 125. Is r(6) prime?
True
Suppose -3*m = 5*z - 4*m - 44039, 3*z + m - 26417 = 0. Let y = 12804 - z. Is y a prime number?
False
Let g(p) = 2*p + 9. Let b(n) = -n**3 - 8*n**2 - 7*n + 10. Let h be b(-7). Let j be g(h). Suppose j = i - 4. Is i prime?
False
Suppose -474 = 4*w - 5*s - 83, w + 129 = -5*s. Let g = -28 - w. Suppose g = 10*v - 6*v. Is v composite?
False
Suppose 19*j - 17*j = 28538. Is j a composite number?
True
Suppose -8*o - 80 = -5*h - 3*o, -2*h + 17 = o. Suppose 4*z = 1 + h. Suppose 5*d = 3*y - 0*y + 394, 9 = -z*y. Is d a composite number?
True
Suppose 38206 = 2*c - 146*j + 142*j, 57309 = 3*c + 4*j. Is c composite?
True
Suppose 75*l - 81*l = -12918. Is l composite?
False
Suppose 29*h - 489243 = -22*h. Is h a prime number?
False
Let w(h) = -21*h**3 - 4*h**2 - 5*h - 2. Let j be w(-3). Let k = j + -353. Is k a composite number?
False
Suppose -2*k = -l + 10778 + 9169, 5*k - 39849 = -2*l. Is l a prime number?
True
Suppose 0 = -9*t + 9479 + 17854. Is t a composite number?
False
Suppose 5*k = 20 - 0. Let i(w) = 53*w**2 + 6*w - 4. Let f be i(k). Is f/6 - (-5)/15 a composite number?
True
Suppose 6*y + 180 = -6*y. Is (-2249 - y)*((-3)/2 - -1) prime?
True
Suppose -85077 = -4*h + 3*n + 13684, -3*n + 74076 = 3*h. Is h a prime number?
True
Let o(f) = -3*f + 1. Let x be o(-1). Suppose -11517 = -x*j + 2111. Is j a prime number?
True
Let b(c) = -3*c + 8. Let i be b(0). Let y(g) = 944*g + 55. Is y(i) a prime number?
True
Let g be (-4)/16 - 4/(16/(-1297)). Let r = 1245 - g. Is r prime?
False
Let s = -38 - -38. Let f(l) = -35*l + 5. Let h be f(-4). Suppose s = -m - 2*r + h, -m + 155 = -2*r - r. Is m prime?
True
Let g = -14 - -16. Suppose y + 5*b = 4*y - 13, 2 = -2*y - g*b. Let l(r) = 333*r + 2. Is l(y) prime?
False
Suppose 0 = 3*w - 44 - 67. Suppose -w*k + 318 = -31*k. Is k composite?
False
Let c = -21 + 13. Let l = c + 11. Suppose -671 = -l*v + 298. Is v composite?
True
Let r = 84000 - 49687. Is r a prime number?
True
Let o = -176 - -16011. Is o a prime number?
False
Let i = 28 - 107. Is ((-28)/(-6))/((-2)/i)*3 a prime number?
False
Suppose -22 = -5*r + 4*a - 2*a, 5*r + 2*a = 18. Suppose 611 = 2*g + j, 0*j = r*g - j - 1231. Is g a prime number?
True
Let x = 123 + 68. Is x prime?
True
Suppose -31*m - 19*m = -604850. Is m a prime number?
True
Let n(f) = -3 + 248*f - 81*f + 6 - 7. Is n(6) composite?
True
Is (-7)/(14/(-250)) + -1 + 3 prime?
True
Let f(g) = 2*g**2 + 5*g + 2. Let k be f(-3). Suppose 15 + 0 = -k*v. Is ((-1164)/36)/(1/v) a prime number?
True
Let b(u) = 19843*u + 82. Is b(3) a prime number?
True
Suppose j - 4*j + x = -1940, 5*j + 5*x = 3240. Is j prime?
True
Let p(w) be the third derivative of 49*w**4/4 - w**3/3 + 2*w**2. Let y be p(-2). Let h = 1173 + y. Is h a prime number?
False
Is (547*6/9)/((-20)/(-210)) prime?
False
Let v = 7 - -5. Let h(i) = 50*i + 29. Is h(v) composite?
True
Let f(g) = -g**2 + 3*g + 5. Let k be f(4). Let l be 8*(4 + k + -2). Suppose -s + l = -13. Is s a prime number?
True
Let i be (-2)/4 + (-1154)/(-4). Let j = i - 119. Is j a composite number?
True
Suppose -293 - 279 = -2*k. Suppose -1795 - 2230 = -7*r. Let g = r - k. Is g prime?
False
Let s(a) be the second derivative of 2*a**4/3 - 7*a**3/6 + 11*a**2/2 - 8*a. Is s(6) composite?